{"id":1500,"date":"2022-09-09T03:40:54","date_gmt":"2022-09-09T03:40:54","guid":{"rendered":"https:\/\/tuanminhdecor.com\/?post_type=product&#038;p=1500"},"modified":"2022-09-09T03:40:54","modified_gmt":"2022-09-09T03:40:54","slug":"y-khoa-thong-minh-bien-hoa-dong-nai","status":"publish","type":"product","link":"https:\/\/tuanminhdecor.com\/?product=y-khoa-thong-minh-bien-hoa-dong-nai","title":{"rendered":"Y khoa th\u00f4ng minh &#8211; Bi\u00ean H\u00f2a &#8211; \u0110\u1ed3ng Nai"},"content":{"rendered":"<p><img loading=\"lazy\" decoding=\"async\" class=\"alignnone size-medium wp-image-1501\" src=\"https:\/\/tuanminhdecor.com\/wp-content\/uploads\/2022\/09\/y-te-sua-2_Scene-1.effectsResult_result-533x400.jpg\" alt=\"\" width=\"533\" height=\"400\" srcset=\"https:\/\/tuanminhdecor.com\/wp-content\/uploads\/2022\/09\/y-te-sua-2_Scene-1.effectsResult_result-533x400.jpg 533w, https:\/\/tuanminhdecor.com\/wp-content\/uploads\/2022\/09\/y-te-sua-2_Scene-1.effectsResult_result-1067x800.jpg 1067w, https:\/\/tuanminhdecor.com\/wp-content\/uploads\/2022\/09\/y-te-sua-2_Scene-1.effectsResult_result-768x576.jpg 768w, https:\/\/tuanminhdecor.com\/wp-content\/uploads\/2022\/09\/y-te-sua-2_Scene-1.effectsResult_result-1536x1152.jpg 1536w, https:\/\/tuanminhdecor.com\/wp-content\/uploads\/2022\/09\/y-te-sua-2_Scene-1.effectsResult_result-2048x1536.jpg 2048w, https:\/\/tuanminhdecor.com\/wp-content\/uploads\/2022\/09\/y-te-sua-2_Scene-1.effectsResult_result-600x450.jpg 600w\" sizes=\"auto, (max-width: 533px) 100vw, 533px\" \/> <img loading=\"lazy\" decoding=\"async\" class=\"alignnone size-medium wp-image-1502\" src=\"https:\/\/tuanminhdecor.com\/wp-content\/uploads\/2022\/09\/y-te-sua-2_Scene-2.effectsResult_result-533x400.jpg\" alt=\"\" width=\"533\" height=\"400\" srcset=\"https:\/\/tuanminhdecor.com\/wp-content\/uploads\/2022\/09\/y-te-sua-2_Scene-2.effectsResult_result-533x400.jpg 533w, https:\/\/tuanminhdecor.com\/wp-content\/uploads\/2022\/09\/y-te-sua-2_Scene-2.effectsResult_result-1067x800.jpg 1067w, https:\/\/tuanminhdecor.com\/wp-content\/uploads\/2022\/09\/y-te-sua-2_Scene-2.effectsResult_result-768x576.jpg 768w, https:\/\/tuanminhdecor.com\/wp-content\/uploads\/2022\/09\/y-te-sua-2_Scene-2.effectsResult_result-1536x1152.jpg 1536w, https:\/\/tuanminhdecor.com\/wp-content\/uploads\/2022\/09\/y-te-sua-2_Scene-2.effectsResult_result-2048x1536.jpg 2048w, https:\/\/tuanminhdecor.com\/wp-content\/uploads\/2022\/09\/y-te-sua-2_Scene-2.effectsResult_result-600x450.jpg 600w\" sizes=\"auto, (max-width: 533px) 100vw, 533px\" \/> <img loading=\"lazy\" decoding=\"async\" class=\"alignnone size-medium wp-image-1503\" src=\"https:\/\/tuanminhdecor.com\/wp-content\/uploads\/2022\/09\/y-te-sua-2_Scene-3.effectsResult_result-533x400.jpg\" alt=\"\" width=\"533\" height=\"400\" srcset=\"https:\/\/tuanminhdecor.com\/wp-content\/uploads\/2022\/09\/y-te-sua-2_Scene-3.effectsResult_result-533x400.jpg 533w, https:\/\/tuanminhdecor.com\/wp-content\/uploads\/2022\/09\/y-te-sua-2_Scene-3.effectsResult_result-1067x800.jpg 1067w, https:\/\/tuanminhdecor.com\/wp-content\/uploads\/2022\/09\/y-te-sua-2_Scene-3.effectsResult_result-768x576.jpg 768w, https:\/\/tuanminhdecor.com\/wp-content\/uploads\/2022\/09\/y-te-sua-2_Scene-3.effectsResult_result-1536x1152.jpg 1536w, https:\/\/tuanminhdecor.com\/wp-content\/uploads\/2022\/09\/y-te-sua-2_Scene-3.effectsResult_result-2048x1536.jpg 2048w, https:\/\/tuanminhdecor.com\/wp-content\/uploads\/2022\/09\/y-te-sua-2_Scene-3.effectsResult_result-600x450.jpg 600w\" sizes=\"auto, (max-width: 533px) 100vw, 533px\" \/> <img loading=\"lazy\" decoding=\"async\" class=\"alignnone size-medium wp-image-1504\" src=\"https:\/\/tuanminhdecor.com\/wp-content\/uploads\/2022\/09\/y-te-sua-2_Scene-4.effectsResult_result-533x400.jpg\" alt=\"\" width=\"533\" height=\"400\" srcset=\"https:\/\/tuanminhdecor.com\/wp-content\/uploads\/2022\/09\/y-te-sua-2_Scene-4.effectsResult_result-533x400.jpg 533w, https:\/\/tuanminhdecor.com\/wp-content\/uploads\/2022\/09\/y-te-sua-2_Scene-4.effectsResult_result-1067x800.jpg 1067w, https:\/\/tuanminhdecor.com\/wp-content\/uploads\/2022\/09\/y-te-sua-2_Scene-4.effectsResult_result-768x576.jpg 768w, https:\/\/tuanminhdecor.com\/wp-content\/uploads\/2022\/09\/y-te-sua-2_Scene-4.effectsResult_result-1536x1152.jpg 1536w, https:\/\/tuanminhdecor.com\/wp-content\/uploads\/2022\/09\/y-te-sua-2_Scene-4.effectsResult_result-2048x1536.jpg 2048w, https:\/\/tuanminhdecor.com\/wp-content\/uploads\/2022\/09\/y-te-sua-2_Scene-4.effectsResult_result-600x450.jpg 600w\" sizes=\"auto, (max-width: 533px) 100vw, 533px\" \/> <img loading=\"lazy\" decoding=\"async\" class=\"alignnone size-medium wp-image-1505\" src=\"https:\/\/tuanminhdecor.com\/wp-content\/uploads\/2022\/09\/z3473227330677_0351894a18ebd37b193e9d06927e6c9f_result-800x183.jpg\" alt=\"\" width=\"800\" height=\"183\" srcset=\"https:\/\/tuanminhdecor.com\/wp-content\/uploads\/2022\/09\/z3473227330677_0351894a18ebd37b193e9d06927e6c9f_result-800x183.jpg 800w, https:\/\/tuanminhdecor.com\/wp-content\/uploads\/2022\/09\/z3473227330677_0351894a18ebd37b193e9d06927e6c9f_result-1400x321.jpg 1400w, https:\/\/tuanminhdecor.com\/wp-content\/uploads\/2022\/09\/z3473227330677_0351894a18ebd37b193e9d06927e6c9f_result-768x176.jpg 768w, https:\/\/tuanminhdecor.com\/wp-content\/uploads\/2022\/09\/z3473227330677_0351894a18ebd37b193e9d06927e6c9f_result-1536x352.jpg 1536w, https:\/\/tuanminhdecor.com\/wp-content\/uploads\/2022\/09\/z3473227330677_0351894a18ebd37b193e9d06927e6c9f_result-2048x469.jpg 2048w, https:\/\/tuanminhdecor.com\/wp-content\/uploads\/2022\/09\/z3473227330677_0351894a18ebd37b193e9d06927e6c9f_result-600x137.jpg 600w\" sizes=\"auto, (max-width: 800px) 100vw, 800px\" \/> <img loading=\"lazy\" decoding=\"async\" class=\"alignnone size-medium wp-image-1506\" src=\"https:\/\/tuanminhdecor.com\/wp-content\/uploads\/2022\/09\/z3473227349584_56942561d8e96e64407e212a1aebf114_result-711x400.jpg\" alt=\"\" width=\"711\" height=\"400\" srcset=\"https:\/\/tuanminhdecor.com\/wp-content\/uploads\/2022\/09\/z3473227349584_56942561d8e96e64407e212a1aebf114_result-711x400.jpg 711w, https:\/\/tuanminhdecor.com\/wp-content\/uploads\/2022\/09\/z3473227349584_56942561d8e96e64407e212a1aebf114_result-1400x788.jpg 1400w, https:\/\/tuanminhdecor.com\/wp-content\/uploads\/2022\/09\/z3473227349584_56942561d8e96e64407e212a1aebf114_result-768x432.jpg 768w, https:\/\/tuanminhdecor.com\/wp-content\/uploads\/2022\/09\/z3473227349584_56942561d8e96e64407e212a1aebf114_result-1536x864.jpg 1536w, https:\/\/tuanminhdecor.com\/wp-content\/uploads\/2022\/09\/z3473227349584_56942561d8e96e64407e212a1aebf114_result-2048x1152.jpg 2048w, https:\/\/tuanminhdecor.com\/wp-content\/uploads\/2022\/09\/z3473227349584_56942561d8e96e64407e212a1aebf114_result-600x338.jpg 600w\" sizes=\"auto, (max-width: 711px) 100vw, 711px\" \/> <img loading=\"lazy\" decoding=\"async\" class=\"alignnone size-medium wp-image-1507\" src=\"https:\/\/tuanminhdecor.com\/wp-content\/uploads\/2022\/09\/z3473227607531_3a59daabcb1c6458c66775cffe776cb6_result-711x400.jpg\" alt=\"\" width=\"711\" height=\"400\" srcset=\"https:\/\/tuanminhdecor.com\/wp-content\/uploads\/2022\/09\/z3473227607531_3a59daabcb1c6458c66775cffe776cb6_result-711x400.jpg 711w, https:\/\/tuanminhdecor.com\/wp-content\/uploads\/2022\/09\/z3473227607531_3a59daabcb1c6458c66775cffe776cb6_result-1400x788.jpg 1400w, https:\/\/tuanminhdecor.com\/wp-content\/uploads\/2022\/09\/z3473227607531_3a59daabcb1c6458c66775cffe776cb6_result-768x432.jpg 768w, https:\/\/tuanminhdecor.com\/wp-content\/uploads\/2022\/09\/z3473227607531_3a59daabcb1c6458c66775cffe776cb6_result-1536x864.jpg 1536w, https:\/\/tuanminhdecor.com\/wp-content\/uploads\/2022\/09\/z3473227607531_3a59daabcb1c6458c66775cffe776cb6_result-2048x1152.jpg 2048w, https:\/\/tuanminhdecor.com\/wp-content\/uploads\/2022\/09\/z3473227607531_3a59daabcb1c6458c66775cffe776cb6_result-600x338.jpg 600w\" sizes=\"auto, (max-width: 711px) 100vw, 711px\" \/> <img loading=\"lazy\" decoding=\"async\" class=\"alignnone size-medium wp-image-1508\" src=\"https:\/\/tuanminhdecor.com\/wp-content\/uploads\/2022\/09\/z3473227634196_0a96960b924138b85a981928b0da6307_result-711x400.jpg\" alt=\"\" width=\"711\" height=\"400\" srcset=\"https:\/\/tuanminhdecor.com\/wp-content\/uploads\/2022\/09\/z3473227634196_0a96960b924138b85a981928b0da6307_result-711x400.jpg 711w, https:\/\/tuanminhdecor.com\/wp-content\/uploads\/2022\/09\/z3473227634196_0a96960b924138b85a981928b0da6307_result-1400x788.jpg 1400w, https:\/\/tuanminhdecor.com\/wp-content\/uploads\/2022\/09\/z3473227634196_0a96960b924138b85a981928b0da6307_result-768x432.jpg 768w, https:\/\/tuanminhdecor.com\/wp-content\/uploads\/2022\/09\/z3473227634196_0a96960b924138b85a981928b0da6307_result-1536x864.jpg 1536w, https:\/\/tuanminhdecor.com\/wp-content\/uploads\/2022\/09\/z3473227634196_0a96960b924138b85a981928b0da6307_result-2048x1152.jpg 2048w, https:\/\/tuanminhdecor.com\/wp-content\/uploads\/2022\/09\/z3473227634196_0a96960b924138b85a981928b0da6307_result-600x338.jpg 600w\" sizes=\"auto, (max-width: 711px) 100vw, 711px\" \/> <img loading=\"lazy\" decoding=\"async\" class=\"alignnone size-medium wp-image-1509\" src=\"https:\/\/tuanminhdecor.com\/wp-content\/uploads\/2022\/09\/z3473227685846_a73e76981960bc2b90f4e7b66237ddbe_result-800x383.jpg\" alt=\"\" width=\"800\" height=\"383\" srcset=\"https:\/\/tuanminhdecor.com\/wp-content\/uploads\/2022\/09\/z3473227685846_a73e76981960bc2b90f4e7b66237ddbe_result-800x383.jpg 800w, https:\/\/tuanminhdecor.com\/wp-content\/uploads\/2022\/09\/z3473227685846_a73e76981960bc2b90f4e7b66237ddbe_result-1400x670.jpg 1400w, https:\/\/tuanminhdecor.com\/wp-content\/uploads\/2022\/09\/z3473227685846_a73e76981960bc2b90f4e7b66237ddbe_result-768x368.jpg 768w, https:\/\/tuanminhdecor.com\/wp-content\/uploads\/2022\/09\/z3473227685846_a73e76981960bc2b90f4e7b66237ddbe_result-1536x735.jpg 1536w, https:\/\/tuanminhdecor.com\/wp-content\/uploads\/2022\/09\/z3473227685846_a73e76981960bc2b90f4e7b66237ddbe_result-2048x981.jpg 2048w, https:\/\/tuanminhdecor.com\/wp-content\/uploads\/2022\/09\/z3473227685846_a73e76981960bc2b90f4e7b66237ddbe_result-600x287.jpg 600w\" sizes=\"auto, (max-width: 800px) 100vw, 800px\" \/> <img loading=\"lazy\" decoding=\"async\" class=\"alignnone size-medium wp-image-1510\" src=\"https:\/\/tuanminhdecor.com\/wp-content\/uploads\/2022\/09\/z3473227818056_4752f69cd1066e8d15d81566955b12f4_result-711x400.jpg\" alt=\"\" width=\"711\" height=\"400\" srcset=\"https:\/\/tuanminhdecor.com\/wp-content\/uploads\/2022\/09\/z3473227818056_4752f69cd1066e8d15d81566955b12f4_result-711x400.jpg 711w, https:\/\/tuanminhdecor.com\/wp-content\/uploads\/2022\/09\/z3473227818056_4752f69cd1066e8d15d81566955b12f4_result-1400x788.jpg 1400w, https:\/\/tuanminhdecor.com\/wp-content\/uploads\/2022\/09\/z3473227818056_4752f69cd1066e8d15d81566955b12f4_result-768x432.jpg 768w, https:\/\/tuanminhdecor.com\/wp-content\/uploads\/2022\/09\/z3473227818056_4752f69cd1066e8d15d81566955b12f4_result-1536x864.jpg 1536w, https:\/\/tuanminhdecor.com\/wp-content\/uploads\/2022\/09\/z3473227818056_4752f69cd1066e8d15d81566955b12f4_result-2048x1152.jpg 2048w, https:\/\/tuanminhdecor.com\/wp-content\/uploads\/2022\/09\/z3473227818056_4752f69cd1066e8d15d81566955b12f4_result-600x338.jpg 600w\" sizes=\"auto, (max-width: 711px) 100vw, 711px\" \/> <img loading=\"lazy\" decoding=\"async\" class=\"alignnone size-medium wp-image-1511\" src=\"https:\/\/tuanminhdecor.com\/wp-content\/uploads\/2022\/09\/z3473227830858_ebba40c7fa6c4fc4935741c2c0de7727_result-711x400.jpg\" alt=\"\" width=\"711\" height=\"400\" srcset=\"https:\/\/tuanminhdecor.com\/wp-content\/uploads\/2022\/09\/z3473227830858_ebba40c7fa6c4fc4935741c2c0de7727_result-711x400.jpg 711w, https:\/\/tuanminhdecor.com\/wp-content\/uploads\/2022\/09\/z3473227830858_ebba40c7fa6c4fc4935741c2c0de7727_result-1400x788.jpg 1400w, https:\/\/tuanminhdecor.com\/wp-content\/uploads\/2022\/09\/z3473227830858_ebba40c7fa6c4fc4935741c2c0de7727_result-768x432.jpg 768w, https:\/\/tuanminhdecor.com\/wp-content\/uploads\/2022\/09\/z3473227830858_ebba40c7fa6c4fc4935741c2c0de7727_result-1536x864.jpg 1536w, https:\/\/tuanminhdecor.com\/wp-content\/uploads\/2022\/09\/z3473227830858_ebba40c7fa6c4fc4935741c2c0de7727_result-2048x1152.jpg 2048w, https:\/\/tuanminhdecor.com\/wp-content\/uploads\/2022\/09\/z3473227830858_ebba40c7fa6c4fc4935741c2c0de7727_result-600x338.jpg 600w\" sizes=\"auto, (max-width: 711px) 100vw, 711px\" \/> <img loading=\"lazy\" decoding=\"async\" class=\"alignnone size-medium wp-image-1512\" src=\"https:\/\/tuanminhdecor.com\/wp-content\/uploads\/2022\/09\/z3473227925755_9d6a037dea68f655195b2c5289bc4d42_result-711x400.jpg\" alt=\"\" width=\"711\" height=\"400\" srcset=\"https:\/\/tuanminhdecor.com\/wp-content\/uploads\/2022\/09\/z3473227925755_9d6a037dea68f655195b2c5289bc4d42_result-711x400.jpg 711w, https:\/\/tuanminhdecor.com\/wp-content\/uploads\/2022\/09\/z3473227925755_9d6a037dea68f655195b2c5289bc4d42_result-1400x788.jpg 1400w, https:\/\/tuanminhdecor.com\/wp-content\/uploads\/2022\/09\/z3473227925755_9d6a037dea68f655195b2c5289bc4d42_result-768x432.jpg 768w, https:\/\/tuanminhdecor.com\/wp-content\/uploads\/2022\/09\/z3473227925755_9d6a037dea68f655195b2c5289bc4d42_result-1536x864.jpg 1536w, https:\/\/tuanminhdecor.com\/wp-content\/uploads\/2022\/09\/z3473227925755_9d6a037dea68f655195b2c5289bc4d42_result-2048x1152.jpg 2048w, https:\/\/tuanminhdecor.com\/wp-content\/uploads\/2022\/09\/z3473227925755_9d6a037dea68f655195b2c5289bc4d42_result-600x338.jpg 600w\" sizes=\"auto, (max-width: 711px) 100vw, 711px\" \/> <img loading=\"lazy\" decoding=\"async\" class=\"alignnone size-medium wp-image-1513\" src=\"https:\/\/tuanminhdecor.com\/wp-content\/uploads\/2022\/09\/z3473227975161_cbde73601b23992c21eea69ce3fdbb24_result-711x400.jpg\" alt=\"\" width=\"711\" height=\"400\" srcset=\"https:\/\/tuanminhdecor.com\/wp-content\/uploads\/2022\/09\/z3473227975161_cbde73601b23992c21eea69ce3fdbb24_result-711x400.jpg 711w, https:\/\/tuanminhdecor.com\/wp-content\/uploads\/2022\/09\/z3473227975161_cbde73601b23992c21eea69ce3fdbb24_result-1400x788.jpg 1400w, https:\/\/tuanminhdecor.com\/wp-content\/uploads\/2022\/09\/z3473227975161_cbde73601b23992c21eea69ce3fdbb24_result-768x432.jpg 768w, https:\/\/tuanminhdecor.com\/wp-content\/uploads\/2022\/09\/z3473227975161_cbde73601b23992c21eea69ce3fdbb24_result-1536x864.jpg 1536w, https:\/\/tuanminhdecor.com\/wp-content\/uploads\/2022\/09\/z3473227975161_cbde73601b23992c21eea69ce3fdbb24_result-2048x1152.jpg 2048w, https:\/\/tuanminhdecor.com\/wp-content\/uploads\/2022\/09\/z3473227975161_cbde73601b23992c21eea69ce3fdbb24_result-600x338.jpg 600w\" sizes=\"auto, (max-width: 711px) 100vw, 711px\" \/> <img loading=\"lazy\" decoding=\"async\" class=\"alignnone size-medium wp-image-1514\" src=\"https:\/\/tuanminhdecor.com\/wp-content\/uploads\/2022\/09\/z3473228016971_c7073cf646d26656833a4e3a02b5ba0d_result-711x400.jpg\" alt=\"\" width=\"711\" height=\"400\" srcset=\"https:\/\/tuanminhdecor.com\/wp-content\/uploads\/2022\/09\/z3473228016971_c7073cf646d26656833a4e3a02b5ba0d_result-711x400.jpg 711w, https:\/\/tuanminhdecor.com\/wp-content\/uploads\/2022\/09\/z3473228016971_c7073cf646d26656833a4e3a02b5ba0d_result-1400x788.jpg 1400w, https:\/\/tuanminhdecor.com\/wp-content\/uploads\/2022\/09\/z3473228016971_c7073cf646d26656833a4e3a02b5ba0d_result-768x432.jpg 768w, https:\/\/tuanminhdecor.com\/wp-content\/uploads\/2022\/09\/z3473228016971_c7073cf646d26656833a4e3a02b5ba0d_result-1536x864.jpg 1536w, https:\/\/tuanminhdecor.com\/wp-content\/uploads\/2022\/09\/z3473228016971_c7073cf646d26656833a4e3a02b5ba0d_result-2048x1152.jpg 2048w, https:\/\/tuanminhdecor.com\/wp-content\/uploads\/2022\/09\/z3473228016971_c7073cf646d26656833a4e3a02b5ba0d_result-600x338.jpg 600w\" sizes=\"auto, (max-width: 711px) 100vw, 711px\" \/> <img loading=\"lazy\" decoding=\"async\" class=\"alignnone size-medium wp-image-1515\" src=\"https:\/\/tuanminhdecor.com\/wp-content\/uploads\/2022\/09\/z3473228032825_b40afcbf9434c77a2a4279c88d1fb428_result-711x400.jpg\" alt=\"\" width=\"711\" height=\"400\" srcset=\"https:\/\/tuanminhdecor.com\/wp-content\/uploads\/2022\/09\/z3473228032825_b40afcbf9434c77a2a4279c88d1fb428_result-711x400.jpg 711w, https:\/\/tuanminhdecor.com\/wp-content\/uploads\/2022\/09\/z3473228032825_b40afcbf9434c77a2a4279c88d1fb428_result-1400x788.jpg 1400w, https:\/\/tuanminhdecor.com\/wp-content\/uploads\/2022\/09\/z3473228032825_b40afcbf9434c77a2a4279c88d1fb428_result-768x432.jpg 768w, https:\/\/tuanminhdecor.com\/wp-content\/uploads\/2022\/09\/z3473228032825_b40afcbf9434c77a2a4279c88d1fb428_result-1536x864.jpg 1536w, https:\/\/tuanminhdecor.com\/wp-content\/uploads\/2022\/09\/z3473228032825_b40afcbf9434c77a2a4279c88d1fb428_result-2048x1152.jpg 2048w, https:\/\/tuanminhdecor.com\/wp-content\/uploads\/2022\/09\/z3473228032825_b40afcbf9434c77a2a4279c88d1fb428_result-600x338.jpg 600w\" sizes=\"auto, (max-width: 711px) 100vw, 711px\" \/> <img loading=\"lazy\" decoding=\"async\" class=\"alignnone size-medium wp-image-1516\" src=\"https:\/\/tuanminhdecor.com\/wp-content\/uploads\/2022\/09\/z3473228054301_dba4f28dc78604b49378274a80dd0527_result-789x400.jpg\" alt=\"\" width=\"789\" height=\"400\" srcset=\"https:\/\/tuanminhdecor.com\/wp-content\/uploads\/2022\/09\/z3473228054301_dba4f28dc78604b49378274a80dd0527_result-789x400.jpg 789w, https:\/\/tuanminhdecor.com\/wp-content\/uploads\/2022\/09\/z3473228054301_dba4f28dc78604b49378274a80dd0527_result-1400x710.jpg 1400w, https:\/\/tuanminhdecor.com\/wp-content\/uploads\/2022\/09\/z3473228054301_dba4f28dc78604b49378274a80dd0527_result-768x389.jpg 768w, https:\/\/tuanminhdecor.com\/wp-content\/uploads\/2022\/09\/z3473228054301_dba4f28dc78604b49378274a80dd0527_result-1536x779.jpg 1536w, https:\/\/tuanminhdecor.com\/wp-content\/uploads\/2022\/09\/z3473228054301_dba4f28dc78604b49378274a80dd0527_result-2048x1038.jpg 2048w, https:\/\/tuanminhdecor.com\/wp-content\/uploads\/2022\/09\/z3473228054301_dba4f28dc78604b49378274a80dd0527_result-600x304.jpg 600w\" sizes=\"auto, (max-width: 789px) 100vw, 789px\" \/><\/p>\n","protected":false},"excerpt":{"rendered":"","protected":false},"featured_media":1502,"comment_status":"open","ping_status":"closed","template":"","meta":[],"product_cat":[84],"product_tag":[],"class_list":{"0":"post-1500","1":"product","2":"type-product","3":"status-publish","4":"has-post-thumbnail","6":"product_cat-thi-cong-shop-cua-hang","8":"first","9":"instock","10":"shipping-taxable","11":"product-type-simple"},"yoast_head":"<!-- This site is optimized with the Yoast SEO plugin v19.6.1 - https:\/\/yoast.com\/wordpress\/plugins\/seo\/ -->\n<title>Y khoa th\u00f4ng minh - Bi\u00ean H\u00f2a - \u0110\u1ed3ng Nai - TU\u1ea4N MINH DECOR<\/title>\n<meta name=\"robots\" content=\"index, follow, max-snippet:-1, max-image-preview:large, max-video-preview:-1\" \/>\n<link rel=\"canonical\" href=\"https:\/\/tuanminhdecor.com\/?product=y-khoa-thong-minh-bien-hoa-dong-nai\" \/>\n<meta property=\"og:locale\" content=\"vi_VN\" \/>\n<meta property=\"og:type\" content=\"article\" \/>\n<meta property=\"og:title\" content=\"Y khoa th\u00f4ng minh - Bi\u00ean H\u00f2a - \u0110\u1ed3ng Nai - TU\u1ea4N MINH DECOR\" \/>\n<meta property=\"og:url\" content=\"https:\/\/tuanminhdecor.com\/?product=y-khoa-thong-minh-bien-hoa-dong-nai\" \/>\n<meta property=\"og:site_name\" content=\"TU\u1ea4N MINH DECOR\" \/>\n<meta property=\"og:image\" content=\"https:\/\/tuanminhdecor.com\/wp-content\/uploads\/2022\/09\/y-te-sua-2_Scene-2.effectsResult_result-scaled.jpg\" \/>\n\t<meta property=\"og:image:width\" content=\"2560\" \/>\n\t<meta property=\"og:image:height\" content=\"1920\" \/>\n\t<meta property=\"og:image:type\" content=\"image\/jpeg\" \/>\n<meta name=\"twitter:card\" content=\"summary_large_image\" \/>\n<meta name=\"twitter:label1\" content=\"\u01af\u1edbc t\u00ednh th\u1eddi gian \u0111\u1ecdc\" \/>\n\t<meta name=\"twitter:data1\" content=\"4 ph\u00fat\" \/>\n<script type=\"application\/ld+json\" class=\"yoast-schema-graph\">{\"@context\":\"https:\/\/schema.org\",\"@graph\":[{\"@type\":\"WebPage\",\"@id\":\"https:\/\/tuanminhdecor.com\/?product=y-khoa-thong-minh-bien-hoa-dong-nai\",\"url\":\"https:\/\/tuanminhdecor.com\/?product=y-khoa-thong-minh-bien-hoa-dong-nai\",\"name\":\"Y khoa th\u00f4ng minh - Bi\u00ean H\u00f2a - \u0110\u1ed3ng Nai - TU\u1ea4N MINH DECOR\",\"isPartOf\":{\"@id\":\"https:\/\/tuanminhdecor.com\/#website\"},\"datePublished\":\"2022-09-09T03:40:54+00:00\",\"dateModified\":\"2022-09-09T03:40:54+00:00\",\"breadcrumb\":{\"@id\":\"https:\/\/tuanminhdecor.com\/?product=y-khoa-thong-minh-bien-hoa-dong-nai#breadcrumb\"},\"inLanguage\":\"vi\",\"potentialAction\":[{\"@type\":\"ReadAction\",\"target\":[\"https:\/\/tuanminhdecor.com\/?product=y-khoa-thong-minh-bien-hoa-dong-nai\"]}]},{\"@type\":\"BreadcrumbList\",\"@id\":\"https:\/\/tuanminhdecor.com\/?product=y-khoa-thong-minh-bien-hoa-dong-nai#breadcrumb\",\"itemListElement\":[{\"@type\":\"ListItem\",\"position\":1,\"name\":\"Trang ch\u1ee7\",\"item\":\"https:\/\/tuanminhdecor.com\/\"},{\"@type\":\"ListItem\",\"position\":2,\"name\":\"Shop\",\"item\":\"https:\/\/tuanminhdecor.com\/?page_id=8\"},{\"@type\":\"ListItem\",\"position\":3,\"name\":\"Y khoa th\u00f4ng minh &#8211; Bi\u00ean H\u00f2a &#8211; \u0110\u1ed3ng Nai\"}]},{\"@type\":\"WebSite\",\"@id\":\"https:\/\/tuanminhdecor.com\/#website\",\"url\":\"https:\/\/tuanminhdecor.com\/\",\"name\":\"TU\u1ea4N MINH DECOR\",\"description\":\"TU\u1ea4N MINH DECOR KI\u1ebeN T\u1ea0O C\u00d4NG TR\u00ccNH V\u01af\u1ee2T TH\u1edcI GIAN\",\"potentialAction\":[{\"@type\":\"SearchAction\",\"target\":{\"@type\":\"EntryPoint\",\"urlTemplate\":\"https:\/\/tuanminhdecor.com\/?s={search_term_string}\"},\"query-input\":\"required name=search_term_string\"}],\"inLanguage\":\"vi\"}]}<\/script>\n<!-- \/ Yoast SEO plugin. -->","yoast_head_json":{"title":"Y khoa th\u00f4ng minh - Bi\u00ean H\u00f2a - \u0110\u1ed3ng Nai - TU\u1ea4N MINH DECOR","robots":{"index":"index","follow":"follow","max-snippet":"max-snippet:-1","max-image-preview":"max-image-preview:large","max-video-preview":"max-video-preview:-1"},"canonical":"https:\/\/tuanminhdecor.com\/?product=y-khoa-thong-minh-bien-hoa-dong-nai","og_locale":"vi_VN","og_type":"article","og_title":"Y khoa th\u00f4ng minh - Bi\u00ean H\u00f2a - \u0110\u1ed3ng Nai - TU\u1ea4N MINH DECOR","og_url":"https:\/\/tuanminhdecor.com\/?product=y-khoa-thong-minh-bien-hoa-dong-nai","og_site_name":"TU\u1ea4N MINH DECOR","og_image":[{"width":2560,"height":1920,"url":"https:\/\/tuanminhdecor.com\/wp-content\/uploads\/2022\/09\/y-te-sua-2_Scene-2.effectsResult_result-scaled.jpg","type":"image\/jpeg"}],"twitter_card":"summary_large_image","twitter_misc":{"\u01af\u1edbc t\u00ednh th\u1eddi gian \u0111\u1ecdc":"4 ph\u00fat"},"schema":{"@context":"https:\/\/schema.org","@graph":[{"@type":"WebPage","@id":"https:\/\/tuanminhdecor.com\/?product=y-khoa-thong-minh-bien-hoa-dong-nai","url":"https:\/\/tuanminhdecor.com\/?product=y-khoa-thong-minh-bien-hoa-dong-nai","name":"Y khoa th\u00f4ng minh - Bi\u00ean H\u00f2a - \u0110\u1ed3ng Nai - TU\u1ea4N MINH DECOR","isPartOf":{"@id":"https:\/\/tuanminhdecor.com\/#website"},"datePublished":"2022-09-09T03:40:54+00:00","dateModified":"2022-09-09T03:40:54+00:00","breadcrumb":{"@id":"https:\/\/tuanminhdecor.com\/?product=y-khoa-thong-minh-bien-hoa-dong-nai#breadcrumb"},"inLanguage":"vi","potentialAction":[{"@type":"ReadAction","target":["https:\/\/tuanminhdecor.com\/?product=y-khoa-thong-minh-bien-hoa-dong-nai"]}]},{"@type":"BreadcrumbList","@id":"https:\/\/tuanminhdecor.com\/?product=y-khoa-thong-minh-bien-hoa-dong-nai#breadcrumb","itemListElement":[{"@type":"ListItem","position":1,"name":"Trang ch\u1ee7","item":"https:\/\/tuanminhdecor.com\/"},{"@type":"ListItem","position":2,"name":"Shop","item":"https:\/\/tuanminhdecor.com\/?page_id=8"},{"@type":"ListItem","position":3,"name":"Y khoa th\u00f4ng minh &#8211; Bi\u00ean H\u00f2a &#8211; \u0110\u1ed3ng Nai"}]},{"@type":"WebSite","@id":"https:\/\/tuanminhdecor.com\/#website","url":"https:\/\/tuanminhdecor.com\/","name":"TU\u1ea4N MINH DECOR","description":"TU\u1ea4N MINH DECOR KI\u1ebeN T\u1ea0O C\u00d4NG TR\u00ccNH V\u01af\u1ee2T TH\u1edcI GIAN","potentialAction":[{"@type":"SearchAction","target":{"@type":"EntryPoint","urlTemplate":"https:\/\/tuanminhdecor.com\/?s={search_term_string}"},"query-input":"required name=search_term_string"}],"inLanguage":"vi"}]}},"_links":{"self":[{"href":"https:\/\/tuanminhdecor.com\/index.php?rest_route=\/wp\/v2\/product\/1500","targetHints":{"allow":["GET"]}}],"collection":[{"href":"https:\/\/tuanminhdecor.com\/index.php?rest_route=\/wp\/v2\/product"}],"about":[{"href":"https:\/\/tuanminhdecor.com\/index.php?rest_route=\/wp\/v2\/types\/product"}],"replies":[{"embeddable":true,"href":"https:\/\/tuanminhdecor.com\/index.php?rest_route=%2Fwp%2Fv2%2Fcomments&post=1500"}],"wp:featuredmedia":[{"embeddable":true,"href":"https:\/\/tuanminhdecor.com\/index.php?rest_route=\/wp\/v2\/media\/1502"}],"wp:attachment":[{"href":"https:\/\/tuanminhdecor.com\/index.php?rest_route=%2Fwp%2Fv2%2Fmedia&parent=1500"}],"wp:term":[{"taxonomy":"product_cat","embeddable":true,"href":"https:\/\/tuanminhdecor.com\/index.php?rest_route=%2Fwp%2Fv2%2Fproduct_cat&post=1500"},{"taxonomy":"product_tag","embeddable":true,"href":"https:\/\/tuanminhdecor.com\/index.php?rest_route=%2Fwp%2Fv2%2Fproduct_tag&post=1500"}],"curies":[{"name":"wp","href":"https:\/\/api.w.org\/{rel}","templated":true}]}}